Let c be ((-1369)/(-6))/((-40)/(-240)). Calculate the greatest common divisor of 74 and c.
37
Suppose -w - 8 + 11 = 0. Suppose -a + 13 = -0*a + 3*c, w*a + c - 7 = 0. Let u = a + 0. What is the highest common factor of 7 and u?
1
Let r(x) = x**2 + x + 1. Let b(f) = 7*f**3 + 6*f**2 + 3*f + 6. Let i(t) = b(t) - 4*r(t). Let s be i(2). What is the highest common divisor of 160 and s?
32
Let m be (4352/(-4))/(-4) - (-3 + 0). Suppose -5 = -t + 20. What is the greatest common divisor of t and m?
25
Let d(q) = 7*q - 30. Let i be d(14). Let n = i - 60. Calculate the greatest common factor of 8 and n.
8
Let i be ((-1)/(6/(-39)))/((-1)/(-2)). Let k(w) = -w**2 - 11*w - 2. Let c be k(-10). Let f = c + 5. What is the greatest common divisor of f and i?
13
Suppose -14*d + 2*o - 356 = -16*d, 3*o = 6*d - 1059. What is the greatest common factor of 295 and d?
59
Suppose 4*b = -0*b - 60. Let v = -8 - b. Suppose -5*z + 240 = 5*j, -j - v*z + 56 = -4*z. Calculate the highest common divisor of 110 and j.
22
Suppose 3*n + 4*p = 8*p + 79, 2*n + 2*p - 34 = 0. What is the greatest common factor of 175 and n?
7
Suppose -30*q + 28*q + 4*t + 454 = 0, -q = -t - 224. What is the greatest common factor of q and 51?
17
Let s be (-8)/5 + (-8)/20*1. Let u be 46/4*4 - s. What is the highest common factor of 6 and u?
6
Suppose 4*a - 5*a + 5*g = -100, 230 = 2*a + 5*g. What is the highest common divisor of 330 and a?
110
Let v = 33 - 12. Let g(i) = 295*i + 1791. Let u be g(-6). What is the highest common divisor of u and v?
21
Let k(v) = 15*v**2 + 7*v - 22. Let u be k(3). What is the highest common divisor of u and 469?
67
Let u = 108 - 303. Let o = 327 + u. Calculate the greatest common factor of 24 and o.
12
Let s be (2 + -2 + 18)/(-2). Let u = s + 10. Calculate the greatest common factor of u and 5.
1
Suppose 110 = -65*a + 75*a. Calculate the greatest common factor of 55 and a.
11
Let u = 138 - 133. Suppose -u*y - 154 = -19*y. Suppose -222 = -5*s - 2*l, 5*s + 4*l = 169 + 55. Calculate the greatest common divisor of y and s.
11
Suppose 212 = 14*z - 180. What is the highest common divisor of 28 and z?
28
Let p be ((-42)/(-5))/(7/105). Let q = 41 + -23. What is the greatest common factor of q and p?
18
Let y be -1 + 0 + 0 + 510. Suppose 3*a + u - 2*u + y = 0, 4*u - 8 = 0. Let v be a/(-6) + 1/(-6). What is the greatest common divisor of 7 and v?
7
Let u be -5 + 2 - (-1 - 25). Suppose o - 2*o + u = 0. Let h(w) = w**3 - 14*w**2 - 21*w + 31. Let q be h(16). Calculate the greatest common divisor of o and q.
23
Let k(l) = -5*l**2 + 6*l + 1. Let s be k(7). Let d = -140 - s. Let z = d - 26. Calculate the greatest common factor of z and 9.
9
Let p be (-8)/(-1) - (-2 - -8). What is the greatest common divisor of p and 30?
2
Suppose -q + 15 = 5*p, 2*p + 10 = -4*q + 34. Suppose -p*v + 10 = 2*d - v, -7 = -d - v. Calculate the greatest common divisor of 2 and d.
1
Suppose 108 - 540 = -6*z. Let m be (-18)/z - 61/(-4). Suppose -5*h + m = -9*j + 4*j, j = -3*h + 9. What is the highest common factor of 15 and h?
3
Suppose 4*p = 2*p - 38. Let h = p - -34. Suppose -v = -2*l + 150, 0*l + 5*l - 4*v - 375 = 0. What is the highest common divisor of l and h?
15
Let q be (40/12)/(1/9). Let t = -95 + 85. Let u be 8/t + 864/q. Calculate the highest common factor of u and 28.
28
Let x(g) = g**3 + 25*g**2 + 22*g + 14. Let j be x(-24). Let l = -20 + j. Suppose 42 = -2*v + 4*v. Calculate the greatest common factor of v and l.
21
Let f(g) = 4*g - 30. Let s(n) = 19*n - 151. Let p(m) = -11*f(m) + 2*s(m). Let r be p(3). Calculate the greatest common factor of r and 90.
10
Suppose -a = 2*y - 0*y - 165, -2*a - 426 = -5*y. What is the greatest common divisor of 105 and y?
21
Let r be (35/15 + 1)*3. Let c be r - (-1 - (4 + -5)). Calculate the highest common factor of c and 110.
10
Suppose w = 4*x + 33, 3*w - 66 = 5*x + 19. What is the greatest common factor of 25 and w?
25
Let r = 287 + -191. Calculate the highest common divisor of 3 and r.
3
Let c be 3/6*(28 - (3 - 1)). Calculate the greatest common factor of c and 377.
13
Let w(q) = 2*q - 22. Let k be w(4). Let o be (2 + -36)*35/k. What is the highest common divisor of 51 and o?
17
Let s be 3/(-3) + 7 + (5 - 3). Suppose q - 14 = p - 0*p, s = 2*p. Calculate the highest common divisor of q and 30.
6
Let a(k) = -2*k**3 - 13*k**2 + 2*k + 8. Let h be a(-9). Calculate the greatest common divisor of h and 316.
79
Suppose 404 + 914 = 4*z + 5*a, 4 = -2*a. Calculate the greatest common divisor of z and 581.
83
Suppose 0 = 12*s - 21 - 27. Suppose 0*i - s*i = -108. What is the highest common divisor of i and 243?
27
Let u be (27/6 - 3)/((-8)/(-16)). What is the greatest common divisor of u and 27?
3
Let j be 14/4*(-18)/(-21). Let b(s) = s**3 - 3*s**2 + 4*s - 4. Let o be b(j). Calculate the greatest common factor of o and 40.
8
Suppose 19*w = -10*w + 1276. Let m = 376 + -266. Calculate the highest common factor of m and w.
22
Let z be ((-45)/(-30))/((-3)/(-146)). What is the highest common divisor of 146 and z?
73
Let y be (5 + -1)/4*165. Suppose -5*f + 60 = -3*f. Suppose -5*z = -3*z - f. Calculate the highest common divisor of z and y.
15
Let a(m) = -m**3 + 11*m**2 - 9*m - 3. Let g be 26*1 - (-6)/(-3). Let x be (-15)/(-4)*g/9. Let r be a(x). Calculate the highest common divisor of 7 and r.
7
Let q = -537 - -543. What is the greatest common divisor of q and 174?
6
Let u = -33 - -71. Suppose 0 = -3*n + 29 - 11. Suppose -n*g + 10*g = 608. What is the highest common factor of g and u?
38
Suppose -4*o - 145 = -5*k, -4*k = 5*o - 10*o - 107. Calculate the greatest common divisor of k and 1056.
33
Let v(a) = 21*a**2 - 4*a - 2. Let p be v(2). Suppose -142 = -g - 3*g - 3*d, 3*d - p = -2*g. Calculate the greatest common factor of g and 17.
17
Let m = -31 + 99. Let l(q) = 3*q - 1. Let i be l(2). Suppose -i*v + 2*v - 40 = -2*p, 3*v - 79 = -5*p. Calculate the highest common factor of m and p.
17
Suppose 5344 - 5168 = 8*y. Let t(n) = -64*n + 3. Let a be t(-3). Let f be (-1)/(-2) + a/6. What is the greatest common divisor of f and y?
11
Let y(o) = -o**3 - 4*o**2 + 8*o - 21. Let i be y(-6). Suppose 4*s - 2*s = 2. Let n be 2/1*s*3. What is the highest common divisor of i and n?
3
Suppose 5*r - 4 = -y, -1 = -4*r - 5. Suppose -1 = i, -s - i + 5*i = -7. What is the highest common factor of s and y?
3
Let t be (-4)/(-8) + (-1)/2. Suppose -4*d + 53 + 79 = t. What is the highest common divisor of 231 and d?
33
Let u be 215/2 + 2/4. Calculate the greatest common factor of u and 162.
54
Suppose -3*g + 374 = z, -1370 + 269 = -3*z - 2*g. Calculate the greatest common divisor of 146 and z.
73
Let h(z) = z**2 - 8*z - 99. Let p be h(-7). What is the greatest common factor of p and 27?
3
Suppose 4*o - f = -0*f - 225, -15 = -3*f. Let u = 15 - o. Let w(t) = -5*t + 28. Let q be w(0). What is the greatest common factor of q and u?
14
Suppose -3*h + 3*v + 0*v = -60, -5*h + 86 = 2*v. Let g be 94/12 + 3/h. Let t be 4 + -5*g/(-20). Calculate the greatest common divisor of t and 12.
6
Let u = 430 - 372. What is the highest common factor of u and 29?
29
Let z = -1 - -6. Suppose 7*j - 3*j + z*t - 1 = 0, 0 = 3*j - 2*t - 18. Let w = j - 0. Calculate the highest common factor of 16 and w.
4
Suppose 0 = 3*c - 3*h + 2*h - 29, 5*c - 4*h = 60. Let z be (-16 - 12)/((-2)/c). Calculate the highest common divisor of z and 28.
28
Let k be (-10)/(-15) + (-3)/18*-38. Let w be (2/(-4))/(1/14). Let v = w - -21. Calculate the greatest common factor of v and k.
7
Let o(r) = -13*r - 52. Let t be o(-8). Let s be -2 + 133 + 1 - 2. Calculate the highest common divisor of t and s.
26
Suppose 0 = -r + i + 377, 2*i = -4*r + 1704 - 166. Let a = -222 + r. Calculate the greatest common divisor of a and 32.
32
Let n(t) = 13*t + 314. Let j be n(-24). Let g(l) = l**2 - 4*l - 3. Let d be g(-3). Calculate the highest common factor of j and d.
2
Suppose -798*u + 795*u + 72 = 0. Calculate the greatest common divisor of u and 56.
8
Suppose -22*a + 130 = -27*a. Let u = -23 - a. Calculate the highest common factor of u and 12.
3
Suppose 0 = c + 5*h + 6 + 7, 2*h = 4*c - 14. Suppose c*q - q = -5*p + 503, 497 = 5*p - q. What is the highest common divisor of 10 and p?
10
Suppose -4*a - z = 3*z - 120, 5*z = -4*a + 122. Let n(t) = -t**3 - 33*t**2 + 32*t - 54. Let 